{"id":249,"date":"2018-09-12T15:55:14","date_gmt":"2018-09-12T13:55:14","guid":{"rendered":"http:\/\/breakandstart.fr\/?page_id=249"},"modified":"2018-09-12T15:55:14","modified_gmt":"2018-09-12T13:55:14","slug":"offres-fidelite-avantages","status":"publish","type":"page","link":"https:\/\/new.breakandstart.fr\/index.php\/particuliers-pause\/offres-fidelite-avantages\/","title":{"rendered":"Offres\/Fid\u00e9lit\u00e9\/Avantages"},"content":{"rendered":"<hr \/>\n<h1><span style=\"color: #a3572e;\">Fid\u00e9lit\u00e9<a href=\"http:\/\/breakandstart.fr\/wp-content\/uploads\/2019\/03\/Fid\u00e9lit\u00e9-Pause-1.gif\"><img loading=\"lazy\" class=\"alignright wp-image-1136 size-medium\" src=\"http:\/\/breakandstart.fr\/wp-content\/uploads\/2019\/03\/Fid\u00e9lit\u00e9-Pause-1-293x300.gif\" alt=\"\" width=\"293\" height=\"300\" \/><\/a><\/span><\/h1>\n<p>&nbsp;<\/p>\n<p>&nbsp;<\/p>\n<p>Carte personnelle gratuite: <span style=\"color: #339966;\">-60%<\/span><\/p>\n<p>sur le 6i\u00e8me massage de son choix<\/p>\n<p>&nbsp;<\/p>\n<p>&nbsp;<\/p>\n<hr \/>\n<h1><span style=\"color: #a3572e;\">Abonnement<\/span><\/h1>\n<h1><span style=\"color: #a3572e;\">(Massage Essentiel et Relaxin\u00e9sie\u00ae)<\/span><\/h1>\n<ul>\n<li>4 mois (= 4 massages) \/ 208\u20ac TTC \/ Avantage <span style=\"color: #339966;\">-20%<\/span> soit le massage \u00e0 <span style=\"color: #339966;\">52\u20ac TTC<a href=\"http:\/\/breakandstart.fr\/wp-content\/uploads\/2019\/03\/Abonnement-PAUSE-tour-blanc.gif\"><img loading=\"lazy\" class=\"alignright wp-image-1110\" src=\"http:\/\/breakandstart.fr\/wp-content\/uploads\/2019\/03\/Abonnement-PAUSE-tour-blanc-300x291.gif\" alt=\"\" width=\"290\" height=\"282\" srcset=\"https:\/\/new.breakandstart.fr\/wp-content\/uploads\/2019\/03\/Abonnement-PAUSE-tour-blanc-300x291.gif 300w, https:\/\/new.breakandstart.fr\/wp-content\/uploads\/2019\/03\/Abonnement-PAUSE-tour-blanc-1024x993.gif 1024w, https:\/\/new.breakandstart.fr\/wp-content\/uploads\/2019\/03\/Abonnement-PAUSE-tour-blanc-768x745.gif 768w, https:\/\/new.breakandstart.fr\/wp-content\/uploads\/2019\/03\/Abonnement-PAUSE-tour-blanc-1536x1489.gif 1536w, https:\/\/new.breakandstart.fr\/wp-content\/uploads\/2019\/03\/Abonnement-PAUSE-tour-blanc-2048x1986.gif 2048w\" sizes=\"(max-width: 290px) 100vw, 290px\" \/><\/a><\/span><\/li>\n<li>6 mois (= 6 massages)\/ 293\u20ac TTC \/ Avantage <span style=\"color: #339966;\">-25%<\/span> soit le massage \u00e0 <span style=\"color: #339966;\">49\u20ac TTC<\/span><\/li>\n<li>12 mois (= 12 massages)\/ 546\u20ac TTC \/ Avantage <span style=\"color: #339966;\">-30%<\/span> soit le massage \u00e0 <span style=\"color: #339966;\">46\u20ac TTC<\/span><\/li>\n<\/ul>\n<ul>\n<li>Bi mensuel\u00a0(= 24 massages) \/ 1014\u20ac TTC \/ Avantage <span style=\"color: #339966;\">-35%<\/span> soit le massage \u00e0 <span style=\"color: #339966;\">42\u20ac TTC<\/span><\/li>\n<li>Hebdomadaire (= 48 massages)\/ 1872\u20ac TTC \/ Avantage <span style=\"color: #339966;\">-40%<\/span> soit le massage \u00e0 <span style=\"color: #339966;\">39\u20ac TTC<\/span><\/li>\n<\/ul>\n<p>&nbsp;<\/p>\n<ul>\n<li>Abonnement GROSSESSE<\/li>\n<\/ul>\n<p>(6 massages <span style=\"color: #339966;\">+2 offerts<\/span>)\/ 390\u20ac TTC\u00a0 \/ <span style=\"color: #339966;\">-25%<\/span><\/p>\n<ul>\n<li>6 massages sp\u00e9cifiques femme enceinte (ou non selon le d\u00e9but d\u2019abonnement)<\/li>\n<li>\u00e0 partie du 4i\u00e8me mois de grossesse uniquement<\/li>\n<li><span style=\"color: #339966;\">+2 massages offerts<\/span> pour la future Maman et\/ou futur Papa<\/li>\n<li>validit\u00e9 de 8 mois<a href=\"http:\/\/new.breakandstart.fr\/wp-content\/uploads\/2020\/01\/gaspard.jpg\"><img loading=\"lazy\" class=\"alignright wp-image-1347\" src=\"http:\/\/new.breakandstart.fr\/wp-content\/uploads\/2020\/01\/gaspard-126x150.jpg\" alt=\"\" width=\"2\" height=\"6\" srcset=\"https:\/\/new.breakandstart.fr\/wp-content\/uploads\/2020\/01\/gaspard-100x300.jpg 100w, https:\/\/new.breakandstart.fr\/wp-content\/uploads\/2020\/01\/gaspard.jpg 126w\" sizes=\"(max-width: 2px) 100vw, 2px\" \/><\/a><\/li>\n<\/ul>\n<p><span style=\"color: #3366ff;\">++ Facilit\u00e9 de paiement possible en mensualisant<\/span><\/p>\n<p>&nbsp;<\/p>\n<hr \/>\n<h1><span style=\"color: #a3572e;\">Offre de partage<\/span><\/h1>\n<h1><span style=\"color: #a3572e;\">(Massage Essentiel et Relaxin\u00e9sie\u00ae)<br \/>\n<\/span><\/h1>\n<p>&nbsp;<\/p>\n<ul>\n<li><span style=\"color: #3366ff;\">La TWIN<\/span> \u00e0 2 personnes (=12 Massages) \/ 507\u20ac \/<a href=\"http:\/\/breakandstart.fr\/wp-content\/uploads\/2019\/03\/OFFRE-DE-PARTAGE-1.gif\"><img loading=\"lazy\" class=\"alignright size-medium wp-image-1140\" src=\"http:\/\/breakandstart.fr\/wp-content\/uploads\/2019\/03\/OFFRE-DE-PARTAGE-1-289x300.gif\" alt=\"\" width=\"289\" height=\"300\" srcset=\"https:\/\/new.breakandstart.fr\/wp-content\/uploads\/2019\/03\/OFFRE-DE-PARTAGE-1-289x300.gif 289w, https:\/\/new.breakandstart.fr\/wp-content\/uploads\/2019\/03\/OFFRE-DE-PARTAGE-1-987x1024.gif 987w\" sizes=\"(max-width: 289px) 100vw, 289px\" \/><\/a><\/li>\n<\/ul>\n<p>Avantage <span style=\"color: #339966;\">-35%<\/span> soit le massage \u00e0 <span style=\"color: #339966;\">42\u20ac TTC<\/span><\/p>\n<ul>\n<li><span style=\"color: #3366ff;\">La Quatro<\/span> \u00e0 4 personnes (= 24 massages)\/ 936\u20ac \/<\/li>\n<\/ul>\n<p>Avantage <span style=\"color: #339966;\">-40%<\/span> soit le massage \u00e0 <span style=\"color: #339966;\">39\u20ac TTC<\/span><\/p>\n<p><span style=\"color: #3366ff;\">++ Facilit\u00e9 de paiement possible en mensualisant \u00e0 plusieurs<\/span><\/p>\n<p>&nbsp;<\/p>\n<p>(Validit\u00e9 de 6 mois)<\/p>\n<p>&nbsp;<\/p>\n<hr \/>\n<h1><span style=\"color: #a3572e;\">Autour d&#8217;une PAUSE<\/span><\/h1>\n<p>1 &#8220;h\u00f4te\u00a0 organisateur&#8221; recevant<a href=\"http:\/\/breakandstart.fr\/wp-content\/uploads\/2019\/03\/AUTOUR-DUNE-PAUSE-tour-blanc.gif\"><img loading=\"lazy\" class=\"alignright size-medium wp-image-1111\" src=\"http:\/\/breakandstart.fr\/wp-content\/uploads\/2019\/03\/AUTOUR-DUNE-PAUSE-tour-blanc-300x289.gif\" alt=\"\" width=\"300\" height=\"289\" \/><\/a><\/p>\n<p>6 invit\u00e9s \/ 10\u20ac par personne \/ 12&#8242; de massage adapt\u00e9 \u00e0 la demande<\/p>\n<p>\ud83d\ude42 &#8211;&gt;Cadeau pour chaque invit\u00e9: <span style=\"color: #339966;\">-25%<\/span> sur le massage de son choix (validit\u00e9 de 2 mois)<\/p>\n<p>\ud83d\ude42 &#8211;&gt; Cadeau pour l&#8217;organisateur: <span style=\"color: #339966;\">1 massage au choix offert<\/span><\/p>\n<p>offre limit\u00e9e \u00e0 1 fois par &#8220;h\u00f4te organisateur&#8221;<\/p>\n<hr \/>\n<h1><span style=\"color: #a3572e;\">Carte Cadeau<\/span><\/h1>\n<p>Offrez une PAUSE \u00e0 votre entourage<a href=\"http:\/\/breakandstart.fr\/wp-content\/uploads\/2019\/03\/PAUSE-CADEAU-tour-blanc.gif\"><img loading=\"lazy\" class=\"alignright size-medium wp-image-1113\" src=\"http:\/\/breakandstart.fr\/wp-content\/uploads\/2019\/03\/PAUSE-CADEAU-tour-blanc-300x289.gif\" alt=\"\" width=\"300\" height=\"289\" \/><\/a><\/p>\n<p>La carte cadeau est personnalis\u00e9e et vous permet d&#8217;offrir du sur mesure.<\/p>\n<p>Soient:<\/p>\n<ul>\n<li>une prestation pr\u00e9cise de votre choix<\/li>\n<li>Du temps et la possibilit\u00e9 pour la personne de choisir\u00a0 sa prestation sur le moment pr\u00e9sent en fonction de ses besoins<\/li>\n<li>Une offre de partage<\/li>\n<li>Un abonnement<\/li>\n<li>Une prestation sp\u00e9ciale<\/li>\n<\/ul>\n<p><span style=\"color: #3366ff;\">Par ce que le plaisir d&#8217;offrir est remarquable \ud83d\ude09 :<\/span><\/p>\n<p><span style=\"color: #3366ff;\">++ PAUSE offre une r\u00e9duction de -10% sur le massage de son choix pour tout achat d&#8217;une carte cadeau<\/span><\/p>\n<p>&nbsp;<\/p>\n","protected":false},"excerpt":{"rendered":"<p>Fid\u00e9lit\u00e9 &nbsp; &nbsp; Carte personnelle gratuite: -60% sur le 6i\u00e8me massage de son choix &nbsp; &nbsp; Abonnement (Massage Essentiel [&hellip;]<\/p>\n","protected":false},"author":1,"featured_media":0,"parent":48,"menu_order":0,"comment_status":"closed","ping_status":"closed","template":"","meta":[],"_links":{"self":[{"href":"https:\/\/new.breakandstart.fr\/index.php\/wp-json\/wp\/v2\/pages\/249"}],"collection":[{"href":"https:\/\/new.breakandstart.fr\/index.php\/wp-json\/wp\/v2\/pages"}],"about":[{"href":"https:\/\/new.breakandstart.fr\/index.php\/wp-json\/wp\/v2\/types\/page"}],"author":[{"embeddable":true,"href":"https:\/\/new.breakandstart.fr\/index.php\/wp-json\/wp\/v2\/users\/1"}],"replies":[{"embeddable":true,"href":"https:\/\/new.breakandstart.fr\/index.php\/wp-json\/wp\/v2\/comments?post=249"}],"version-history":[{"count":0,"href":"https:\/\/new.breakandstart.fr\/index.php\/wp-json\/wp\/v2\/pages\/249\/revisions"}],"up":[{"embeddable":true,"href":"https:\/\/new.breakandstart.fr\/index.php\/wp-json\/wp\/v2\/pages\/48"}],"wp:attachment":[{"href":"https:\/\/new.breakandstart.fr\/index.php\/wp-json\/wp\/v2\/media?parent=249"}],"curies":[{"name":"wp","href":"https:\/\/api.w.org\/{rel}","templated":true}]}}