{"id":253,"date":"2018-09-12T15:58:08","date_gmt":"2018-09-12T13:58:08","guid":{"rendered":"http:\/\/breakandstart.fr\/?page_id=253"},"modified":"2018-09-12T15:58:08","modified_gmt":"2018-09-12T13:58:08","slug":"actualites","status":"publish","type":"page","link":"https:\/\/new.breakandstart.fr\/index.php\/actualites\/","title":{"rendered":"Actualit\u00e9s"},"content":{"rendered":"<p>Le fil d&#8217;actualit\u00e9<\/p>\n<p>Pour \u00eatre inform\u00e9 au fil de l&#8217;eau des \u00e9v\u00e9nements \u00e0 venir, des informations diverses et vari\u00e9es sur le bien-\u00eatre, des promotions \u00e9ventuelles, des opportunit\u00e9s \u00e0 saisir etc&#8230;<\/p>\n<p>&nbsp;<\/p>\n<p>Novembre 2019<\/p>\n<p><span class=\"_5mfr\"><span class=\"_6qdm\">\ud83c\udf84<\/span><\/span><span class=\"_5mfr\"><span class=\"_6qdm\">\ud83c\udf85<\/span><\/span>NO\u00cbL APPROCHE<span class=\"_5mfr\"><span class=\"_6qdm\">\ud83c\udf85<\/span><\/span> <span class=\"_5mfr\"><span class=\"_6qdm\">\ud83c\udf84<\/span><\/span><br \/>\n<span class=\"_5mfr\"><span class=\"_6qdm\">\ud83d\ude0d<\/span><\/span><span class=\"_5mfr\"><span class=\"_6qdm\">\u2757\ufe0f<\/span><\/span>Jour J pour tout le monde<span class=\"_5mfr\"><span class=\"_6qdm\">\u2757\ufe0f<\/span><\/span><span class=\"_5mfr\"><span class=\"_6qdm\">\ud83d\ude0d<\/span><\/span><\/p>\n<p><span class=\"_5mfr\"><span class=\"_6qdm\">\ud83c\udf81<\/span><\/span>BONS CADEAUX DE MASSAGES QUALITATIFS en Vend\u00e9e<span class=\"_5mfr\"><span class=\"_6qdm\">\ud83c\udf81<\/span><\/span><\/p>\n<div class=\"text_exposed_show\">\n<p><span class=\"_5mfr\"><span class=\"_6qdm\">\u2795<\/span><\/span>des surprises \u00e0 votre convenance.<span class=\"_5mfr\"><span class=\"_6qdm\">\ud83c\udf81<\/span><\/span><\/p>\n<p><span class=\"_5mfr\"><span class=\"_6qdm\">\ud83d\udc9d<\/span><\/span>Pour tout achat d&#8217;un bon cadeau<span class=\"_5mfr\"><span class=\"_6qdm\">\ud83d\udc9d<\/span><\/span>:<br \/>\n<span class=\"_5mfr\"><span class=\"_6qdm\">\ud83c\udf81<\/span><\/span>un cadeau vous est offert!<\/p>\n<p>En fonction du bon cadeau choisi voici les surprises:<a href=\"http:\/\/new.breakandstart.fr\/wp-content\/uploads\/2019\/11\/Cadeaux-massages-bon-de-noel.jpg\"><img loading=\"lazy\" class=\"aligncenter size-large wp-image-1298\" src=\"http:\/\/new.breakandstart.fr\/wp-content\/uploads\/2019\/11\/Cadeaux-massages-bon-de-noel-1024x682.jpg\" alt=\"\" width=\"840\" height=\"559\" srcset=\"https:\/\/new.breakandstart.fr\/wp-content\/uploads\/2019\/11\/Cadeaux-massages-bon-de-noel-1024x682.jpg 1024w, https:\/\/new.breakandstart.fr\/wp-content\/uploads\/2019\/11\/Cadeaux-massages-bon-de-noel-300x200.jpg 300w, https:\/\/new.breakandstart.fr\/wp-content\/uploads\/2019\/11\/Cadeaux-massages-bon-de-noel-768x512.jpg 768w, https:\/\/new.breakandstart.fr\/wp-content\/uploads\/2019\/11\/Cadeaux-massages-bon-de-noel.jpg 1181w\" sizes=\"(max-width: 840px) 100vw, 840px\" \/><\/a><\/p>\n<p><span class=\"_5mfr\"><span class=\"_6qdm\">\u2705<\/span><\/span>une huile de massage relaxante BIO<br \/>\n(N\u00e9roli,Orange,Mandarine et Verveine exotique) id\u00e9ale pour favoriser le repos, pr\u00e9parer au sommeil et aider \u00e0 chasser le stress, les tensions et la morosit\u00e9<\/p>\n<p><span class=\"_5mfr\"><span class=\"_6qdm\">\u2705<\/span><\/span>Du th\u00e9 Bio d&#8217;une entreprise Vend\u00e9enne &#8221; <a class=\"profileLink\" href=\"https:\/\/www.facebook.com\/legerthe\/?__tn__=K-R&amp;eid=ARAVliMHoj0x-3ZXeUfkVZAkmjNk_f0z_tmTNSEPBSzVWbo1tMISB5_o-GcGz4FkiaJ9nLEYOSRZC0on&amp;fref=mentions&amp;__xts__%5B0%5D=68.ARCYh4OvBgSh_NwMctQb-gvQ1iV_v8hIwmfL0sQzJMRAzpe3wsjrKYlV87-uLL3gN30yCW1cxwYF_xQbDcvR2csOmRWFeqHjtgQ_YdrLamO2y7JkxuOycWQgliSfAb_2xRNZDmsrDTMTP7QCkiCrCeHtKYerSyJ02wzMaZ1rb-ZuPCOeoe04lEIrAMbK5jmhxUWwWAfR5wYTZvk\" data-hovercard=\"\/ajax\/hovercard\/page.php?id=482736778586612&amp;extragetparams=%7B%22__tn__%22%3A%22%2CdK-R-R%22%2C%22eid%22%3A%22ARAVliMHoj0x-3ZXeUfkVZAkmjNk_f0z_tmTNSEPBSzVWbo1tMISB5_o-GcGz4FkiaJ9nLEYOSRZC0on%22%2C%22fref%22%3A%22mentions%22%7D\" data-hovercard-prefer-more-content-show=\"1\">L\u00e9g\u00e8r&#8217;Th\u00e9<\/a> &#8221;<br \/>\n<span class=\"_5mfr\"><span class=\"_6qdm\">\ud83c\udf75<\/span><\/span> Th\u00e9 de No\u00ebl &#8220;Matin de No\u00ebl&#8221;<br \/>\n(Th\u00e9 vert Sencha de Chine,Pomme,Cannelle(4%),Ecorces d&#8217;orange,Amande,P\u00e9tales de rose,Boutons de rose, Orange(2%),Clous de girofle,Vanille Bourbon)<br \/>\n<span class=\"_5mfr\"><span class=\"_6qdm\">\ud83c\udf75<\/span><\/span> Infusion &#8220;La Vend\u00e9enne&#8221; inspir\u00e9e de la trouspinette <span class=\"_5mfr\"><span class=\"_6qdm\">\ud83d\ude03<\/span><\/span><br \/>\n(Pomme,Cynnorrhodon,Ecorces d&#8217;orange,Hibiscus,Prune, Feuilles de framboisier,Epines noires,Vanille Bourbon)<\/p>\n<p><span class=\"_5mfr\"><span class=\"_6qdm\">\u2705<\/span><\/span>Une paire de chaussettes design et technique au choix d&#8217;une entreprise vend\u00e9enne <a class=\"profileLink\" href=\"https:\/\/www.facebook.com\/marmulefabric\/?__tn__=K-R&amp;eid=ARBqbglfYF_v4bDk24feiyJuoXjh50U-yrSeWXrxOOguMa7mQZPnbBe-YToB2nhZMfO-rSp6jQHtlqcR&amp;fref=mentions&amp;__xts__%5B0%5D=68.ARCYh4OvBgSh_NwMctQb-gvQ1iV_v8hIwmfL0sQzJMRAzpe3wsjrKYlV87-uLL3gN30yCW1cxwYF_xQbDcvR2csOmRWFeqHjtgQ_YdrLamO2y7JkxuOycWQgliSfAb_2xRNZDmsrDTMTP7QCkiCrCeHtKYerSyJ02wzMaZ1rb-ZuPCOeoe04lEIrAMbK5jmhxUWwWAfR5wYTZvk\" data-hovercard=\"\/ajax\/hovercard\/page.php?id=1978288545803605&amp;extragetparams=%7B%22__tn__%22%3A%22%2CdK-R-R%22%2C%22eid%22%3A%22ARBqbglfYF_v4bDk24feiyJuoXjh50U-yrSeWXrxOOguMa7mQZPnbBe-YToB2nhZMfO-rSp6jQHtlqcR%22%2C%22fref%22%3A%22mentions%22%7D\" data-hovercard-prefer-more-content-show=\"1\">Marmule Fabric<\/a><br \/>\n<span class=\"_5mfr\"><span class=\"_6qdm\">\ud83e\udde1<\/span><\/span>Parce que vos pieds aussi ont le droit d\u2019avoir du style, d\u00e9couvrez la gamme de chaussettes fantaisie.<br \/>\n<span class=\"_5mfr\"><span class=\"_6qdm\">\ud83d\udc9b<\/span><\/span>\u00c0 porter aussi bien pour le sport qu\u2019avec vos tenues de ville. A partir de maintenant, tout le monde va vous dire \u201ct\u2019as de beaux pieds tu sais\u201d.<br \/>\n<span class=\"_5mfr\"><span class=\"_6qdm\">\ud83d\udc99<\/span><\/span>Con\u00e7ues sans coutures et avec un renfort aux orteils et aux talons, tu seras top confort ! La taille unique s\u2019adapte \u00e0 tous, des petits petons aux grands panards <span class=\"_5mfr\"><span class=\"_6qdm\">\ud83d\ude09<\/span><\/span><\/p>\n<p><span class=\"_5mfr\"><span class=\"_6qdm\">\ud83d\ude0d<\/span><\/span>Vous trouverez les bons cadeaux qui vous conviennent<span class=\"_5mfr\"><span class=\"_6qdm\">\ud83d\ude0d<\/span><\/span>:<br \/>\n<span class=\"_5mfr\"><span class=\"_6qdm\">\ud83d\ude4f<\/span><\/span>30 min 33\u20ac<br \/>\n<span class=\"_5mfr\"><span class=\"_6qdm\">\ud83d\ude4f<\/span><\/span>45 min 49\u20ac<br \/>\n<span class=\"_5mfr\"><span class=\"_6qdm\">\ud83d\ude4f<\/span><\/span>1h 65\u20ac<br \/>\n<span class=\"_5mfr\"><span class=\"_6qdm\">\ud83d\ude4f<\/span><\/span>Abonnement Grossesse<br \/>\n<span class=\"_5mfr\"><span class=\"_6qdm\">\ud83d\ude4f<\/span><\/span>Abonnement sur 4, 6 ou 12 mois<br \/>\n<span class=\"_5mfr\"><span class=\"_6qdm\">\ud83d\ude4f<\/span><\/span>Abonnement bi-mensuel<br \/>\n<span class=\"_5mfr\"><span class=\"_6qdm\">\ud83d\ude4f<\/span><\/span>Abonnement hebdomadaire<br \/>\n<span class=\"_5mfr\"><span class=\"_6qdm\">\ud83d\ude4f<\/span><\/span>Carte de partage \u00e0 2 ou \u00e0 4<br \/>\n<span class=\"_5mfr\"><span class=\"_6qdm\">\ud83d\ude4f<\/span><\/span>&#8230;<\/p>\n<\/div>\n","protected":false},"excerpt":{"rendered":"<p>Le fil d&#8217;actualit\u00e9 Pour \u00eatre inform\u00e9 au fil de l&#8217;eau des \u00e9v\u00e9nements \u00e0 venir, des informations diverses et vari\u00e9es [&hellip;]<\/p>\n","protected":false},"author":1,"featured_media":0,"parent":0,"menu_order":0,"comment_status":"closed","ping_status":"closed","template":"","meta":[],"_links":{"self":[{"href":"https:\/\/new.breakandstart.fr\/index.php\/wp-json\/wp\/v2\/pages\/253"}],"collection":[{"href":"https:\/\/new.breakandstart.fr\/index.php\/wp-json\/wp\/v2\/pages"}],"about":[{"href":"https:\/\/new.breakandstart.fr\/index.php\/wp-json\/wp\/v2\/types\/page"}],"author":[{"embeddable":true,"href":"https:\/\/new.breakandstart.fr\/index.php\/wp-json\/wp\/v2\/users\/1"}],"replies":[{"embeddable":true,"href":"https:\/\/new.breakandstart.fr\/index.php\/wp-json\/wp\/v2\/comments?post=253"}],"version-history":[{"count":0,"href":"https:\/\/new.breakandstart.fr\/index.php\/wp-json\/wp\/v2\/pages\/253\/revisions"}],"wp:attachment":[{"href":"https:\/\/new.breakandstart.fr\/index.php\/wp-json\/wp\/v2\/media?parent=253"}],"curies":[{"name":"wp","href":"https:\/\/api.w.org\/{rel}","templated":true}]}}