{"id":37,"date":"2018-08-16T16:19:09","date_gmt":"2018-08-16T14:19:09","guid":{"rendered":"http:\/\/breakandstart.fr\/?page_id=37"},"modified":"2018-08-16T16:19:09","modified_gmt":"2018-08-16T14:19:09","slug":"productivite-securite","status":"publish","type":"page","link":"https:\/\/new.breakandstart.fr\/index.php\/productivite-securite\/","title":{"rendered":"Productivit\u00e9\/S\u00e9curit\u00e9"},"content":{"rendered":"<p style=\"text-align: center;\"><span style=\"color: #000000;\"><strong>Le stress au travail est la premi\u00e8re source d&#8217;arr\u00eat maladie (30%).<\/strong><\/span><\/p>\n<ul>\n<li><strong>Plus de 50% de l&#8217;absent\u00e9isme d\u00e9coule du stress li\u00e9 au travail, 600 millions de journ\u00e9es seraient perdues chaque ann\u00e9e dans l&#8217;UE.<\/strong><\/li>\n<li><strong>71 % des entreprises se disent pr\u00e9occup\u00e9es par l&#8217;augmentation du stress, mais 65% des D.R.H n&#8217;ont pour l&#8217;instant mis aucun dispositif <\/strong><strong>en place <\/strong><strong>pour le combattre (Louis Harris pour Vediorbis).<\/strong><\/li>\n<\/ul>\n<p>&nbsp;<\/p>\n<p style=\"text-align: center;\"><span style=\"color: #00ccff;\"><span style=\"color: #000000;\">Les solutions sont multiples et &#8220;<\/span><span style=\"color: #ff0000;\">Break<\/span> <span style=\"color: #ffcc00;\">and<\/span> <span style=\"color: #00ff00;\">Start<\/span><span style=\"color: #000000;\">&#8221; en est une \u00e0 votre port\u00e9e.<\/span><\/span><\/p>\n<p>&nbsp;<\/p>\n<p><span style=\"color: #000000;\"><strong>Avantages pour l\u2019employeur<\/strong><strong>\u00a0:<\/strong><\/span><\/p>\n<ul>\n<li><span style=\"color: #008000;\"><strong>Baisse notable de l\u2019absent\u00e9isme<\/strong><\/span><\/li>\n<li><span style=\"color: #008000;\"><strong>Augmente l&#8217;efficacit\u00e9 au travail<\/strong><\/span><\/li>\n<li><span style=\"color: #008000;\"><strong>Accro\u00eet la rentabilit\u00e9<\/strong><\/span><\/li>\n<li><span style=\"color: #008000;\"><strong>Limite les risques d&#8217;erreurs humaines<\/strong><\/span><\/li>\n<li><span style=\"color: #008000;\"><strong>Diminue les risques d&#8217;accident<\/strong><\/span><\/li>\n<li><span style=\"color: #008000;\"><strong>Hausse de la motivation<\/strong><\/span><\/li>\n<li><span style=\"color: #008000;\"><strong>Am\u00e9lioration de l&#8217;image globale de l&#8217;entreprise<\/strong><\/span><\/li>\n<\/ul>\n<p><span style=\"color: #000000;\"><strong>Avantages pour le salari\u00e9<\/strong><strong>\u00a0:<\/strong><\/span><\/p>\n<ul>\n<li><span style=\"color: #008000;\"><strong>Effets physiologiques<\/strong><\/span>\n<ul>\n<li><strong>Efface les tensions physiques<\/strong><\/li>\n<li><strong>Gain de tonus<\/strong><\/li>\n<li><strong>Meilleure vitalit\u00e9<\/strong><\/li>\n<li><strong>Accroissement de la mobilit\u00e9 physique<\/strong><\/li>\n<\/ul>\n<\/li>\n<\/ul>\n<p>&nbsp;<\/p>\n<ul>\n<li><span style=\"color: #008000;\"><strong>Effets psychologiques<\/strong><\/span>\n<ul>\n<li><strong>Lutte contre la lassitude<\/strong><\/li>\n<li><strong>\u00c9vite la fatigue<\/strong><\/li>\n<li><strong>Agit contre le stress<\/strong><\/li>\n<li><strong>Sentiment de d\u00e9tente<\/strong><\/li>\n<\/ul>\n<\/li>\n<\/ul>\n","protected":false},"excerpt":{"rendered":"<p>Le stress au travail est la premi\u00e8re source d&#8217;arr\u00eat maladie (30%). Plus de 50% de l&#8217;absent\u00e9isme d\u00e9coule du stress [&hellip;]<\/p>\n","protected":false},"author":1,"featured_media":0,"parent":0,"menu_order":0,"comment_status":"closed","ping_status":"closed","template":"","meta":[],"_links":{"self":[{"href":"https:\/\/new.breakandstart.fr\/index.php\/wp-json\/wp\/v2\/pages\/37"}],"collection":[{"href":"https:\/\/new.breakandstart.fr\/index.php\/wp-json\/wp\/v2\/pages"}],"about":[{"href":"https:\/\/new.breakandstart.fr\/index.php\/wp-json\/wp\/v2\/types\/page"}],"author":[{"embeddable":true,"href":"https:\/\/new.breakandstart.fr\/index.php\/wp-json\/wp\/v2\/users\/1"}],"replies":[{"embeddable":true,"href":"https:\/\/new.breakandstart.fr\/index.php\/wp-json\/wp\/v2\/comments?post=37"}],"version-history":[{"count":0,"href":"https:\/\/new.breakandstart.fr\/index.php\/wp-json\/wp\/v2\/pages\/37\/revisions"}],"wp:attachment":[{"href":"https:\/\/new.breakandstart.fr\/index.php\/wp-json\/wp\/v2\/media?parent=37"}],"curies":[{"name":"wp","href":"https:\/\/api.w.org\/{rel}","templated":true}]}}