{"id":464,"date":"2018-11-06T10:09:11","date_gmt":"2018-11-06T09:09:11","guid":{"rendered":"http:\/\/breakandstart.fr\/?page_id=464"},"modified":"2018-11-06T10:09:11","modified_gmt":"2018-11-06T09:09:11","slug":"mon-materiel-2","status":"publish","type":"page","link":"https:\/\/new.breakandstart.fr\/index.php\/mon-materiel-2\/","title":{"rendered":"Mon mat\u00e9riel"},"content":{"rendered":"<p><span style=\"color: #000000;\">Table de massage en bois de h\u00eatre<\/span><\/p>\n<div class=\"csRow\">\n<div class=\"csColumnGap\" style=\"margin: 0px; padding: 0px; float: left; width: 1.56%;\"><img style=\"border: none;\" src=\"http:\/\/breakandstart.fr\/wp-content\/plugins\/advanced-wp-columns\/assets\/js\/plugins\/views\/img\/1x1-pixel.png\" \/><\/div>\n<div class=\"csColumn\" style=\"margin: 0px; padding: 0px; float: left; width: 47.7%;\" data-csstartpoint=\"15\" data-csendpoint=\"472.5\" data-cswidth=\"47.7%\" data-csid=\"23b7a4e2-8249-b85e-acb6-7e87f3389ce8\">\n<div class=\"csRow\">\n<div class=\"csColumnGap\" style=\"margin: 0px; padding: 0px; float: left; width: 1.56%;\"><img style=\"border: none;\" src=\"http:\/\/breakandstart.fr\/wp-content\/plugins\/advanced-wp-columns\/assets\/js\/plugins\/views\/img\/1x1-pixel.png\" \/><\/div>\n<div style=\"clear: both; float: none; display: block; visibility: hidden; width: 0px; font-size: 0px; line-height: 0;\"><\/div>\n<\/div>\n<p>Pour votre plus grand confort une table large et une mousse \u00e0 m\u00e9moire de forme de 7,5cm<\/p>\n<\/div>\n<div class=\"csColumnGap\" style=\"margin: 0px; padding: 0px; float: left; width: 1.56%;\"><img style=\"border: none;\" src=\"http:\/\/breakandstart.fr\/wp-content\/plugins\/advanced-wp-columns\/assets\/js\/plugins\/views\/img\/1x1-pixel.png\" \/><\/div>\n<div class=\"csColumn\" style=\"margin: 0px; padding: 0px; float: left; width: 47.7%;\" data-csstartpoint=\"487.5\" data-csendpoint=\"945\" data-cswidth=\"47.7%\" data-csid=\"5b74ea34-bd11-76ec-b1c3-0a81b83e7bc1\">\n<p>&nbsp;<\/p>\n<p><img loading=\"lazy\" class=\"alignright size-medium wp-image-450\" src=\"http:\/\/breakandstart.fr\/wp-content\/uploads\/2018\/11\/table-pullman-300x251.jpg\" alt=\"\" width=\"300\" height=\"251\" srcset=\"https:\/\/new.breakandstart.fr\/wp-content\/uploads\/2018\/11\/table-pullman-300x251.jpg 300w, https:\/\/new.breakandstart.fr\/wp-content\/uploads\/2018\/11\/table-pullman.jpg 432w\" sizes=\"(max-width: 300px) 100vw, 300px\" \/><\/p>\n<\/div>\n<\/div>\n<p>&nbsp;<\/p>\n<p>&nbsp;<\/p>\n<p><span style=\"color: #000000;\">Chaise ergonomique Stronglite Ergo Pro II<\/span><\/p>\n<p>La plus adapt\u00e9e \u00e0 toute morphologie, permettant d&#8217;asseoir toute personne ayant des difficult\u00e9s \u00e0 plier les genoux le cas \u00e9ch\u00e9ant. La t\u00eati\u00e8re est \u00e0 m\u00e9moire de forme et vous permet un grand confort<\/p>\n<div class=\"csRow\">\n<div class=\"csColumnGap\" style=\"margin: 0px; padding: 0px; float: left; width: 1.56%;\"><img style=\"border: none;\" src=\"http:\/\/breakandstart.fr\/wp-content\/plugins\/advanced-wp-columns\/assets\/js\/plugins\/views\/img\/1x1-pixel.png\" \/><\/div>\n<div style=\"clear: both; float: none; display: block; visibility: hidden; width: 0px; font-size: 0px; line-height: 0;\"><\/div>\n<\/div>\n<p><a href=\"http:\/\/breakandstart.fr\/ergo-pro-2-femme\/\" rel=\"attachment wp-att-441\"><img loading=\"lazy\" class=\"size-medium wp-image-441 alignleft\" src=\"http:\/\/breakandstart.fr\/wp-content\/uploads\/2018\/11\/ergo-pro-2-femme-300x300.jpg\" alt=\"\" width=\"300\" height=\"300\" \/><\/a><a href=\"http:\/\/breakandstart.fr\/ergo-pro-2\/\" rel=\"attachment wp-att-442\"><img loading=\"lazy\" class=\"size-medium wp-image-442 alignright\" src=\"http:\/\/breakandstart.fr\/wp-content\/uploads\/2018\/11\/ergo-pro-2-194x300.jpg\" alt=\"\" width=\"194\" height=\"300\" srcset=\"https:\/\/new.breakandstart.fr\/wp-content\/uploads\/2018\/11\/ergo-pro-2-194x300.jpg 194w, https:\/\/new.breakandstart.fr\/wp-content\/uploads\/2018\/11\/ergo-pro-2.jpg 291w\" sizes=\"(max-width: 194px) 100vw, 194px\" \/><\/a><\/p>\n<p>&nbsp;<\/p>\n<p>&nbsp;<\/p>\n<p>&nbsp;<\/p>\n<p>&nbsp;<\/p>\n<p>&nbsp;<\/p>\n<p>&nbsp;<\/p>\n<p>&nbsp;<\/p>\n<p><span style=\"color: #000000;\">Matelas chauffant<\/span><\/p>\n<div class=\"csRow\">\n<div class=\"csColumnGap\" style=\"margin: 0px; padding: 0px; float: left; width: 1.56%;\"><img style=\"border: none;\" src=\"http:\/\/breakandstart.fr\/wp-content\/plugins\/advanced-wp-columns\/assets\/js\/plugins\/views\/img\/1x1-pixel.png\" \/><\/div>\n<div class=\"csColumn\" style=\"margin: 0px; padding: 0px; float: left; width: 47.7%;\" data-csstartpoint=\"15\" data-csendpoint=\"472.5\" data-cswidth=\"47.7%\" data-csid=\"d22e24ea-84f6-acd0-b8d2-8e11ffd5cf60\">\n<p>Le sur matelas permet de r\u00e9chauffer le corps. En effet le corps se d\u00e9tend et le m\u00e9tabolisme change, les extr\u00e9mit\u00e9s se refroidissent<\/p>\n<\/div>\n<div class=\"csColumnGap\" style=\"margin: 0px; padding: 0px; float: left; width: 1.56%;\"><img style=\"border: none;\" src=\"http:\/\/breakandstart.fr\/wp-content\/plugins\/advanced-wp-columns\/assets\/js\/plugins\/views\/img\/1x1-pixel.png\" \/><\/div>\n<div class=\"csColumn\" style=\"margin: 0px; padding: 0px; float: left; width: 47.7%;\" data-csstartpoint=\"487.5\" data-csendpoint=\"945\" data-cswidth=\"47.7%\" data-csid=\"e486794a-fab7-f285-83a6-27a97667ed97\">\n<p><a href=\"http:\/\/breakandstart.fr\/matelas-chauffant\/\" rel=\"attachment wp-att-452\"><img loading=\"lazy\" class=\"alignright size-full wp-image-452\" src=\"http:\/\/breakandstart.fr\/wp-content\/uploads\/2018\/11\/matelas-chauffant.jpg\" alt=\"\" width=\"300\" height=\"300\" srcset=\"https:\/\/new.breakandstart.fr\/wp-content\/uploads\/2018\/11\/matelas-chauffant.jpg 300w, https:\/\/new.breakandstart.fr\/wp-content\/uploads\/2018\/11\/matelas-chauffant-150x150.jpg 150w\" sizes=\"(max-width: 300px) 100vw, 300px\" \/><\/a><\/p>\n<\/div>\n<div class=\"csColumnGap\" style=\"margin: 0px; padding: 0px; float: left; width: 1.56%;\"><img style=\"border: none;\" src=\"http:\/\/breakandstart.fr\/wp-content\/plugins\/advanced-wp-columns\/assets\/js\/plugins\/views\/img\/1x1-pixel.png\" \/><\/div>\n<div style=\"clear: both; float: none; display: block; visibility: hidden; width: 0px; font-size: 0px; line-height: 0;\"><\/div>\n<\/div>\n<p>&nbsp;<\/p>\n<p><span style=\"color: #000000;\">Tatamis<\/span><\/p>\n<p>Le tatamis est utilis\u00e9 pour la Relaxin\u00e9sie. Il est en paille et latex naturel.<\/p>\n<p><a href=\"http:\/\/breakandstart.fr\/tatami2\/\" rel=\"attachment wp-att-444\"><img loading=\"lazy\" class=\"size-medium wp-image-444 alignleft\" src=\"http:\/\/breakandstart.fr\/wp-content\/uploads\/2018\/11\/tatami2-300x225.jpg\" alt=\"\" width=\"300\" height=\"225\" srcset=\"https:\/\/new.breakandstart.fr\/wp-content\/uploads\/2018\/11\/tatami2-300x225.jpg 300w, https:\/\/new.breakandstart.fr\/wp-content\/uploads\/2018\/11\/tatami2.jpg 480w\" sizes=\"(max-width: 300px) 100vw, 300px\" \/><\/a><a href=\"http:\/\/breakandstart.fr\/tatami\/\" rel=\"attachment wp-att-443\"><img loading=\"lazy\" class=\"size-medium wp-image-443 alignleft\" src=\"http:\/\/breakandstart.fr\/wp-content\/uploads\/2018\/11\/tatami-300x167.jpg\" alt=\"\" width=\"300\" height=\"167\" srcset=\"https:\/\/new.breakandstart.fr\/wp-content\/uploads\/2018\/11\/tatami-300x167.jpg 300w, https:\/\/new.breakandstart.fr\/wp-content\/uploads\/2018\/11\/tatami.jpg 669w\" sizes=\"(max-width: 300px) 100vw, 300px\" \/><\/a><\/p>\n","protected":false},"excerpt":{"rendered":"<p>Table de massage en bois de h\u00eatre Pour votre plus grand confort une table large et une mousse \u00e0 [&hellip;]<\/p>\n","protected":false},"author":1,"featured_media":0,"parent":0,"menu_order":0,"comment_status":"closed","ping_status":"closed","template":"","meta":[],"_links":{"self":[{"href":"https:\/\/new.breakandstart.fr\/index.php\/wp-json\/wp\/v2\/pages\/464"}],"collection":[{"href":"https:\/\/new.breakandstart.fr\/index.php\/wp-json\/wp\/v2\/pages"}],"about":[{"href":"https:\/\/new.breakandstart.fr\/index.php\/wp-json\/wp\/v2\/types\/page"}],"author":[{"embeddable":true,"href":"https:\/\/new.breakandstart.fr\/index.php\/wp-json\/wp\/v2\/users\/1"}],"replies":[{"embeddable":true,"href":"https:\/\/new.breakandstart.fr\/index.php\/wp-json\/wp\/v2\/comments?post=464"}],"version-history":[{"count":0,"href":"https:\/\/new.breakandstart.fr\/index.php\/wp-json\/wp\/v2\/pages\/464\/revisions"}],"wp:attachment":[{"href":"https:\/\/new.breakandstart.fr\/index.php\/wp-json\/wp\/v2\/media?parent=464"}],"curies":[{"name":"wp","href":"https:\/\/api.w.org\/{rel}","templated":true}]}}