{"id":8,"date":"2018-08-16T16:08:39","date_gmt":"2018-08-16T14:08:39","guid":{"rendered":"http:\/\/breakandstart.fr\/?page_id=8"},"modified":"2018-08-16T16:08:39","modified_gmt":"2018-08-16T14:08:39","slug":"a-propos-de","status":"publish","type":"page","link":"https:\/\/new.breakandstart.fr\/index.php\/a-propos-de\/","title":{"rendered":"\u00c0 propos de"},"content":{"rendered":"<p><a href=\"http:\/\/breakandstart.fr\/wp-content\/uploads\/2019\/05\/Laurent-5-1.jpg\"><img loading=\"lazy\" class=\"alignleft wp-image-1205\" src=\"http:\/\/breakandstart.fr\/wp-content\/uploads\/2019\/05\/Laurent-5-1-150x150.jpg\" alt=\"\" width=\"98\" height=\"147\" srcset=\"https:\/\/new.breakandstart.fr\/wp-content\/uploads\/2019\/05\/Laurent-5-1-200x300.jpg 200w, https:\/\/new.breakandstart.fr\/wp-content\/uploads\/2019\/05\/Laurent-5-1-683x1024.jpg 683w, https:\/\/new.breakandstart.fr\/wp-content\/uploads\/2019\/05\/Laurent-5-1-768x1151.jpg 768w, https:\/\/new.breakandstart.fr\/wp-content\/uploads\/2019\/05\/Laurent-5-1.jpg 816w\" sizes=\"(max-width: 98px) 100vw, 98px\" \/><\/a>Apr\u00e8s plus de 12 ans d&#8217;activit\u00e9, j&#8217;ai r\u00e9alis\u00e9 que<br \/>\nla vie \u00e9tait trop courte pour ne pas la vivre pleinement chaque jour.<br \/>\nNous observons que de nombreuses personnes souffrent quotidiennement et que ce probl\u00e8me se r\u00e9percute sur leur bien-\u00eatre mental et l\u2019efficacit\u00e9 dans leur travail.<\/p>\n<p>C\u2019est alors que je me <a href=\"http:\/\/breakandstart.fr\/?attachment_id=658\" rel=\"attachment wp-att-305\"><img loading=\"lazy\" class=\"alignright wp-image-658 \" src=\"http:\/\/breakandstart.fr\/wp-content\/uploads\/2018\/12\/st-gilles.jpg\" alt=\"\" width=\"431\" height=\"241\" \/><\/a>suis int\u00e9ress\u00e9 \u00e0 un moyen qui permette d\u2019am\u00e9liorer les conditions de vie de chacun tout en prenant plaisir \u00e0 le faire.<\/p>\n<p>J\u2019ai donc entrepris une formation \u00e0 l\u2019\u00e9cole europ\u00e9enne de massage IFJS (en reconnaissance par l&#8217;\u00e9tat) pendant 1 an et d&#8217;acqu\u00e9rir le savoir faire et savoir \u00eatre qui permettront de vous faire l\u00e2cher prise.<\/p>\n<p>La qualit\u00e9 est donc au rendez-vous.<\/p>\n<p><a href=\"http:\/\/breakandstart.fr\/a-propos-de\/vue-plage-et-surf\/\" rel=\"attachment wp-att-659\"><img loading=\"lazy\" class=\"alignleft size-medium wp-image-659\" src=\"http:\/\/breakandstart.fr\/wp-content\/uploads\/2018\/12\/vue-plage-et-surf-300x168.jpg\" alt=\"\" width=\"300\" height=\"168\" \/><\/a>Ceci me permet donc aujourd\u2019hui de me lever chaque jour pour m\u2019\u00e9panouir et vous apporter un bien \u00eatre n\u00e9cessaire .<\/p>\n<p>Une relation humaine.<\/p>\n<p>3,2,1 Massez!<\/p>\n","protected":false},"excerpt":{"rendered":"<p>Apr\u00e8s plus de 12 ans d&#8217;activit\u00e9, j&#8217;ai r\u00e9alis\u00e9 que la vie \u00e9tait trop courte pour ne pas la vivre [&hellip;]<\/p>\n","protected":false},"author":1,"featured_media":0,"parent":0,"menu_order":0,"comment_status":"closed","ping_status":"closed","template":"","meta":[],"_links":{"self":[{"href":"https:\/\/new.breakandstart.fr\/index.php\/wp-json\/wp\/v2\/pages\/8"}],"collection":[{"href":"https:\/\/new.breakandstart.fr\/index.php\/wp-json\/wp\/v2\/pages"}],"about":[{"href":"https:\/\/new.breakandstart.fr\/index.php\/wp-json\/wp\/v2\/types\/page"}],"author":[{"embeddable":true,"href":"https:\/\/new.breakandstart.fr\/index.php\/wp-json\/wp\/v2\/users\/1"}],"replies":[{"embeddable":true,"href":"https:\/\/new.breakandstart.fr\/index.php\/wp-json\/wp\/v2\/comments?post=8"}],"version-history":[{"count":0,"href":"https:\/\/new.breakandstart.fr\/index.php\/wp-json\/wp\/v2\/pages\/8\/revisions"}],"wp:attachment":[{"href":"https:\/\/new.breakandstart.fr\/index.php\/wp-json\/wp\/v2\/media?parent=8"}],"curies":[{"name":"wp","href":"https:\/\/api.w.org\/{rel}","templated":true}]}}